se 13, what is 108c8 - 1433?
c495
In base 12, what is 102a520 - -5?
102a525
In base 6, what is 35323503 - -4?
35323511
In base 14, what is b + 2003a30?
2003a3b
In base 12, what is -36a6 + -1828?
-5312
In base 11, what is 540 - -501?
a41
In base 14, what is 288 - 1828d8?
-182650
In base 9, what is -541 - -2332?
1681
In base 3, what is 202 + -11112200112?
-11112122210
In base 12, what is -9172 + -2ab?
-9461
In base 15, what is 2e8 + -6576?
-627d
In base 4, what is -30200 + 202330313?
202300113
In base 10, what is -795983 - -900?
-795083
In base 15, what is c + b55ce?
b55db
In base 8, what is 2 - -17161461?
17161463
In base 9, what is 14530 - 52854?
-37324
In base 12, what is -675 - -3126?
2671
In base 12, what is -4930 + -1635?
-6365
In base 13, what is -1 - -1c873307?
1c873306
In base 11, what is 421262 - -347?
4215a9
In base 4, what is 1 + 10202231320230?
10202231320231
In base 3, what is -121021 + 22102020122?
22101122101
In base 9, what is -743744703 + 0?
-743744703
In base 8, what is 244160 - 1714?
242244
In base 11, what is -7a6aa736 + -4?
-7a6aa73a
In base 16, what is 4958 - 51?
4907
In base 12, what is 1847 - -558?
21a3
In base 2, what is 10001 - -1010101111111000001011010?
1010101111111000001101011
In base 12, what is -44 - -918117?
918093
In base 9, what is 351811 - -3?
351814
In base 3, what is 1021200122012220 + -12?
1021200122012201
In base 4, what is 13312 - 23213221?
-23133303
In base 5, what is -3 + 10444402344?
10444402341
In base 13, what is -832b6 - -5c?
-83257
In base 11, what is 103 + -60653?
-60550
In base 11, what is -1264751 + -10?
-1264761
In base 6, what is -3 + -434034300?
-434034303
In base 12, what is -1 + b813603?
b813602
In base 6, what is -3 + -33323034?
-33323041
In base 15, what is -2c - 12d1a5?
-12d1d2
In base 6, what is 101550331005 - 2?
101550331003
In base 3, what is -2 + -100001222111220?
-100001222111222
In base 6, what is 11355 + 10514?
22313
In base 8, what is 1641 + -220?
1421
In base 11, what is -3a24 - -725?
-32aa
In base 15, what is bce20 + -93?
bcd7c
In base 4, what is -22 + -123030331?
-123031013
In base 6, what is -12140 + 144334?
132154
In base 13, what is ba - 23a83?
-23996
In base 10, what is -15 - -48437585?
48437570
In base 9, what is -754264 - 302?
-754566
In base 9, what is -717 + -736080?
-736807
In base 6, what is 14 + 103125252?
103125310
In base 12, what is -9831 - 52b?
-a160
In base 6, what is -4 - 114051215?
-114051223
In base 10, what is 277492 + -20?
277472
In base 4, what is 12 - 231013020212?
-231013020200
In base 10, what is 444 - -8303?
8747
In base 9, what is -103711 + 1161?
-102540
In base 6, what is -220054202 + 4?
-220054154
In base 12, what is 295b1 - -4081?
31672
In base 3, what is -110112121020112021 + -11?
-110112121020112102
In base 11, what is -10a0840 + -316?
-10a1056
In base 15, what is 19 + -115c23?
-115c09
In base 2, what is -1111101111101111011010011101 - 101?
-1111101111101111011010100010
In base 14, what is a9ca - 23d?
a78b
In base 14, what is -36 - -40d03?
40cab
In base 2, what is -1110011011 - -111110100001000010?
111110010010100111
In base 2, what is -101000 + 10111011001111111000?
10111011001111010000
In base 16, what is -50 + -16d35?
-16d85
In base 14, what is 4b268 - -2c?
4b296
In base 14, what is 8b5 - -ab91a?
ac3d1
In base 12, what is 962874 - 46?
96282a
In base 8, what is -3173 - -3245?
52
In base 16, what is -2bc + 77bf7?
7793b
In base 12, what is 55 - 544a94?
-544a3b
In base 8, what is -4 - -510034724?
510034720
In base 5, what is 2 + -3330143310?
-3330143303
In base 9, what is 11877756 + -3?
11877753
In base 16, what is f85 + -9bb?
5ca
In base 11, what is 45309 + -1694?
43725
In base 10, what is -3264 - -9572?
6308
In base 11, what is -4 - 2655500?
-2655504
In base 15, what is -a2738 - -39d?
-a238a
In base 2, what is 1011110 + -110100011010110000010?
-110100011010100100100
In base 2, what is 1010100011010011011110 - 10000110?
1010100011010001011000
In base 5, what is 3340 - 122211?
-113321
In base 4, what is 213212132203 - 0?
213212132203
In base 16, what is -9 - 6ef60b?
-6ef614
In base 15, what is c85d1 + -10d?
c84c3
In base 12, what is 329b04 - 4?
329b00
In base 7, what is 542 + 242504?
243346
In base 5, what is 12332 - 424024?
-411142
In base 16, what is -429f91 + -1?
-429f92
In base 12, what is 119a72 - 2b3?
11977b
In base 15, what is -9e - 496?
-545
In base 10, what is 727 + -209450?
-208723
In base 15, what is 1727 + -e96?
781
In base 4, what is 232301211202 - 111?
232301211031
In base 11, what is -162224 + -19?
-162242
In base 15, what is -17 + -2b70b1?
-2b70c8
In base 16, what is -f6826 - -216?
-f6610
In base 15, what is -5 - -742a785?
742a780
In base 13, what is -1c + -38bc3?
-38c12
In base 13, what is 341c4348 + -2?
341c4346
In base 5, what is -430 + -4313230?
-4314210
In base 4, what is -32003111 + 1201?
-32001310
In base 7, what is 1065653 + -161?
1065462
In base 14, what is 4 - 3522a?
-35226
In base 16, what is 9c52 + d33?
a985
In base 14, what is -476ba5 - 3?
-476ba8
In base 9, what is -2 - 10564?
-10566
In base 6, what is -23452 - -241122?
213230
In base 13, what is -1433 - -16b4?
281
In base 6, what is -252520 + 100301?
-152215
In base 14, what is 478ab - 2b?
47880
In base 5, what is 1102011 + 1343?
1103404
In base 9, what is -513 + -747484?
-748107
In base 5, what is -1304413 - 2033344?
-3343312
In base 11, what is 13414004 + 0?
13414004
In base 16, what is 2cd4415 - -1?
2cd4416
In base 11, what is aa - -493250?
49334a
In base 2, what is 101010000000111111011 - 1000?
101010000000111110011
In base 11, what is 8a225409 - 2?
8a225407
In base 15, what is a93d - -92?
a9d0
In base 13, what is 8b86a1 + 4?
8b86a5
In base 7, what is -246222664 + 26?
-246222635
In base 5, what is 4143443042 + 3?
4143443100
In base 13, what is -8055bbb + -1?
-8055bbc
In base 6, what is 30104 + 3320?
33424
In base 10, what is -153521 + -422?
-153943
In base 7, what is -1330413 + 56?
-1330324
In base 13, what is -21c7 - -3702?
1508
In base 2, what is 11 + -10101100010001011100110?
-10101100010001011100011
In base 13, what is -10 - 5c65b9?
-5c65c9
In base 13, what is 266524 + 1?
266525
In base 12, what is 24b0 + 5174?
7664
In base 6, what is 330205 - -54?
330303
In base 5, what is -20134 + -2241?
-22430
In base 2, what is 1010 + 10010111001000110000?
10010111001000111010
In base 12, what is 14 - -b889721?
b889735
In base 2, what is -1111110111000111011111 + -10010101?
-1111110111001001110100
In base 16, what is -7be76 - -51?
-7be25
In base 14, what is 4c0da4 + -51?
4c0d53
In base 8, what is -3 + 24426642?
24426637
In base 5, what is -211244341 + -1311?
-211301202
In base 11, what is 11 + 435028?
435039
In base 11, what is -107283 + -29?
-107301
In base 12, what is -768b4 - 1978?
-78670
In base 7, what is -346534310 - -2?
-346534305
In base 13, what is -5 - -47364?
4735c
In base 15, what is -5 + -226888?
-22688d
In base 4, what is -112330 - -1133132222?
1133013232
In base 15, what is -2ba92 - 59?
-2baeb
In base 5, what is -43 + 30104220334?
30104220241
In base 10, what is 195 - 19991?
-19796
In base 14, what is 15c582 - -4bd?
15ca61
In base 7, what is 12064 - 401346?
-356252
In base 15, what is 14 - 982ee0?
-982ecb
In base 16, what is -169788c8 - 1?
-169788c9
In base 7, what is 2046012255 + -4?
2046012251
In base 7, what is 255451412 - 3?
255451406
In base 6, what is 2 - -112255141?
112255143
In base 6, what is -2 - 435242331?
-435242333
In base 12, what is -1893a1 - -153?
-18924a
In base 3, what is -121122101121 + 100010?
-121122001111
In base 8, what is 7144055 - 4?
7144051
In base 7, what is 364 + 220024?
220421
In base 13, what is 4199 - 668?
3831
In base 14, what is -15 + 584dba?
584da5
In base 8, what is 30560 - 7200?
21360
In base 13, what is -1b8bab01 + -8?
-1b8bab09
In base 8, what is 25157 - -4524?
31703
In base 2, what is 101110010 - 110111000101110110010?
-110111000101001000000
In base 5, what is -1430123 + 212404?
-1212214
In base 9, what is 4 - -3642722?
3642726
In base 5, what is 103210340 - 21?
103210314
In base 9, what is 11532582 + -5?
11532576
In base 7, what is -3 - -11505336?
11505333
In base 12, what is -240a0 - 879?
-24959
In base 12, what is -1144 + 16266a?
161526
In base 5, what is -1421343 - 323144?
-2300042
In base 9, what is 304807 